{"id":660,"date":"2020-12-03T16:19:21","date_gmt":"2020-12-03T14:19:21","guid":{"rendered":"https:\/\/eltiempoesmio.es\/?post_type=product&#038;p=660"},"modified":"2022-04-25T11:26:55","modified_gmt":"2022-04-25T09:26:55","slug":"amantes-de-corazon-el-y-ella","status":"publish","type":"product","link":"https:\/\/eltiempoesmio.es\/index.php\/producto\/amantes-de-corazon-el-y-ella\/","title":{"rendered":"Amantes de coraz\u00f3n (el y ella)"},"content":{"rendered":"","protected":false},"excerpt":{"rendered":"<p>T\u00e9cnica mixta 170 x 60<\/p>\n","protected":false},"featured_media":625,"comment_status":"open","ping_status":"closed","template":"","meta":[],"product_brand":[],"product_cat":[29],"product_tag":[],"class_list":{"0":"post-660","1":"product","2":"type-product","3":"status-publish","4":"has-post-thumbnail","6":"product_cat-sin-categorizar","8":"first","9":"instock","10":"sold-individually","11":"taxable","12":"shipping-taxable","13":"purchasable","14":"product-type-simple"},"yoast_head":"<!-- This site is optimized with the Yoast SEO plugin v27.4 - https:\/\/yoast.com\/product\/yoast-seo-wordpress\/ -->\n<title>Amantes de coraz\u00f3n (el y ella) - El tiempo es mio<\/title>\n<meta name=\"description\" content=\"La condici\u00f3n de amantes no s\u00f3lo en un sentido sexual, su relaci\u00f3n afectiva, intelectual, de multitud de facetas, los cinco sentidos.\" \/>\n<meta name=\"robots\" content=\"index, follow, max-snippet:-1, max-image-preview:large, max-video-preview:-1\" \/>\n<link rel=\"canonical\" href=\"https:\/\/eltiempoesmio.es\/index.php\/producto\/amantes-de-corazon-el-y-ella\/\" \/>\n<meta property=\"og:locale\" content=\"es_ES\" \/>\n<meta property=\"og:type\" content=\"article\" \/>\n<meta property=\"og:title\" content=\"Amantes de coraz\u00f3n (el y ella) - El tiempo es mio\" \/>\n<meta property=\"og:description\" content=\"La condici\u00f3n de amantes no s\u00f3lo en un sentido sexual, su relaci\u00f3n afectiva, intelectual, de multitud de facetas, los cinco sentidos.\" \/>\n<meta property=\"og:url\" content=\"https:\/\/eltiempoesmio.es\/index.php\/producto\/amantes-de-corazon-el-y-ella\/\" \/>\n<meta property=\"og:site_name\" content=\"El tiempo es mio\" \/>\n<meta property=\"article:modified_time\" content=\"2022-04-25T09:26:55+00:00\" \/>\n<meta property=\"og:image\" content=\"https:\/\/eltiempoesmio.es\/wp-content\/uploads\/2020\/10\/c14-scaled.jpg\" \/>\n\t<meta property=\"og:image:width\" content=\"902\" \/>\n\t<meta property=\"og:image:height\" content=\"2560\" \/>\n\t<meta property=\"og:image:type\" content=\"image\/jpeg\" \/>\n<meta name=\"twitter:card\" content=\"summary_large_image\" \/>\n<meta name=\"twitter:site\" content=\"@mgm1101\" \/>\n<script type=\"application\/ld+json\" class=\"yoast-schema-graph\">{\"@context\":\"https:\\\/\\\/schema.org\",\"@graph\":[{\"@type\":\"WebPage\",\"@id\":\"https:\\\/\\\/eltiempoesmio.es\\\/index.php\\\/producto\\\/amantes-de-corazon-el-y-ella\\\/\",\"url\":\"https:\\\/\\\/eltiempoesmio.es\\\/index.php\\\/producto\\\/amantes-de-corazon-el-y-ella\\\/\",\"name\":\"Amantes de coraz\u00f3n (el y ella) - El tiempo es mio\",\"isPartOf\":{\"@id\":\"https:\\\/\\\/eltiempoesmio.es\\\/#website\"},\"primaryImageOfPage\":{\"@id\":\"https:\\\/\\\/eltiempoesmio.es\\\/index.php\\\/producto\\\/amantes-de-corazon-el-y-ella\\\/#primaryimage\"},\"image\":{\"@id\":\"https:\\\/\\\/eltiempoesmio.es\\\/index.php\\\/producto\\\/amantes-de-corazon-el-y-ella\\\/#primaryimage\"},\"thumbnailUrl\":\"https:\\\/\\\/eltiempoesmio.es\\\/wp-content\\\/uploads\\\/2020\\\/10\\\/c14-scaled.jpg\",\"datePublished\":\"2020-12-03T14:19:21+00:00\",\"dateModified\":\"2022-04-25T09:26:55+00:00\",\"description\":\"La condici\u00f3n de amantes no s\u00f3lo en un sentido sexual, su relaci\u00f3n afectiva, intelectual, de multitud de facetas, los cinco sentidos.\",\"breadcrumb\":{\"@id\":\"https:\\\/\\\/eltiempoesmio.es\\\/index.php\\\/producto\\\/amantes-de-corazon-el-y-ella\\\/#breadcrumb\"},\"inLanguage\":\"es\",\"potentialAction\":[{\"@type\":\"ReadAction\",\"target\":[\"https:\\\/\\\/eltiempoesmio.es\\\/index.php\\\/producto\\\/amantes-de-corazon-el-y-ella\\\/\"]}]},{\"@type\":\"ImageObject\",\"inLanguage\":\"es\",\"@id\":\"https:\\\/\\\/eltiempoesmio.es\\\/index.php\\\/producto\\\/amantes-de-corazon-el-y-ella\\\/#primaryimage\",\"url\":\"https:\\\/\\\/eltiempoesmio.es\\\/wp-content\\\/uploads\\\/2020\\\/10\\\/c14-scaled.jpg\",\"contentUrl\":\"https:\\\/\\\/eltiempoesmio.es\\\/wp-content\\\/uploads\\\/2020\\\/10\\\/c14-scaled.jpg\",\"width\":902,\"height\":2560,\"caption\":\"\\\"Amantes de Coraz\u00f3n\\\" (El)\"},{\"@type\":\"BreadcrumbList\",\"@id\":\"https:\\\/\\\/eltiempoesmio.es\\\/index.php\\\/producto\\\/amantes-de-corazon-el-y-ella\\\/#breadcrumb\",\"itemListElement\":[{\"@type\":\"ListItem\",\"position\":1,\"name\":\"Portada\",\"item\":\"https:\\\/\\\/eltiempoesmio.es\\\/\"},{\"@type\":\"ListItem\",\"position\":2,\"name\":\"Amantes de coraz\u00f3n (el y ella)\"}]},{\"@type\":\"WebSite\",\"@id\":\"https:\\\/\\\/eltiempoesmio.es\\\/#website\",\"url\":\"https:\\\/\\\/eltiempoesmio.es\\\/\",\"name\":\"El tiempo es mio\",\"description\":\"Obra  gr\u00e1fica de Miguel G\u00f3mez y Molina\",\"potentialAction\":[{\"@type\":\"SearchAction\",\"target\":{\"@type\":\"EntryPoint\",\"urlTemplate\":\"https:\\\/\\\/eltiempoesmio.es\\\/?s={search_term_string}\"},\"query-input\":{\"@type\":\"PropertyValueSpecification\",\"valueRequired\":true,\"valueName\":\"search_term_string\"}}],\"inLanguage\":\"es\"}]}<\/script>\n<!-- \/ Yoast SEO plugin. -->","yoast_head_json":{"title":"Amantes de coraz\u00f3n (el y ella) - El tiempo es mio","description":"La condici\u00f3n de amantes no s\u00f3lo en un sentido sexual, su relaci\u00f3n afectiva, intelectual, de multitud de facetas, los cinco sentidos.","robots":{"index":"index","follow":"follow","max-snippet":"max-snippet:-1","max-image-preview":"max-image-preview:large","max-video-preview":"max-video-preview:-1"},"canonical":"https:\/\/eltiempoesmio.es\/index.php\/producto\/amantes-de-corazon-el-y-ella\/","og_locale":"es_ES","og_type":"article","og_title":"Amantes de coraz\u00f3n (el y ella) - El tiempo es mio","og_description":"La condici\u00f3n de amantes no s\u00f3lo en un sentido sexual, su relaci\u00f3n afectiva, intelectual, de multitud de facetas, los cinco sentidos.","og_url":"https:\/\/eltiempoesmio.es\/index.php\/producto\/amantes-de-corazon-el-y-ella\/","og_site_name":"El tiempo es mio","article_modified_time":"2022-04-25T09:26:55+00:00","og_image":[{"width":902,"height":2560,"url":"https:\/\/eltiempoesmio.es\/wp-content\/uploads\/2020\/10\/c14-scaled.jpg","type":"image\/jpeg"}],"twitter_card":"summary_large_image","twitter_site":"@mgm1101","schema":{"@context":"https:\/\/schema.org","@graph":[{"@type":"WebPage","@id":"https:\/\/eltiempoesmio.es\/index.php\/producto\/amantes-de-corazon-el-y-ella\/","url":"https:\/\/eltiempoesmio.es\/index.php\/producto\/amantes-de-corazon-el-y-ella\/","name":"Amantes de coraz\u00f3n (el y ella) - El tiempo es mio","isPartOf":{"@id":"https:\/\/eltiempoesmio.es\/#website"},"primaryImageOfPage":{"@id":"https:\/\/eltiempoesmio.es\/index.php\/producto\/amantes-de-corazon-el-y-ella\/#primaryimage"},"image":{"@id":"https:\/\/eltiempoesmio.es\/index.php\/producto\/amantes-de-corazon-el-y-ella\/#primaryimage"},"thumbnailUrl":"https:\/\/eltiempoesmio.es\/wp-content\/uploads\/2020\/10\/c14-scaled.jpg","datePublished":"2020-12-03T14:19:21+00:00","dateModified":"2022-04-25T09:26:55+00:00","description":"La condici\u00f3n de amantes no s\u00f3lo en un sentido sexual, su relaci\u00f3n afectiva, intelectual, de multitud de facetas, los cinco sentidos.","breadcrumb":{"@id":"https:\/\/eltiempoesmio.es\/index.php\/producto\/amantes-de-corazon-el-y-ella\/#breadcrumb"},"inLanguage":"es","potentialAction":[{"@type":"ReadAction","target":["https:\/\/eltiempoesmio.es\/index.php\/producto\/amantes-de-corazon-el-y-ella\/"]}]},{"@type":"ImageObject","inLanguage":"es","@id":"https:\/\/eltiempoesmio.es\/index.php\/producto\/amantes-de-corazon-el-y-ella\/#primaryimage","url":"https:\/\/eltiempoesmio.es\/wp-content\/uploads\/2020\/10\/c14-scaled.jpg","contentUrl":"https:\/\/eltiempoesmio.es\/wp-content\/uploads\/2020\/10\/c14-scaled.jpg","width":902,"height":2560,"caption":"\"Amantes de Coraz\u00f3n\" (El)"},{"@type":"BreadcrumbList","@id":"https:\/\/eltiempoesmio.es\/index.php\/producto\/amantes-de-corazon-el-y-ella\/#breadcrumb","itemListElement":[{"@type":"ListItem","position":1,"name":"Portada","item":"https:\/\/eltiempoesmio.es\/"},{"@type":"ListItem","position":2,"name":"Amantes de coraz\u00f3n (el y ella)"}]},{"@type":"WebSite","@id":"https:\/\/eltiempoesmio.es\/#website","url":"https:\/\/eltiempoesmio.es\/","name":"El tiempo es mio","description":"Obra  gr\u00e1fica de Miguel G\u00f3mez y Molina","potentialAction":[{"@type":"SearchAction","target":{"@type":"EntryPoint","urlTemplate":"https:\/\/eltiempoesmio.es\/?s={search_term_string}"},"query-input":{"@type":"PropertyValueSpecification","valueRequired":true,"valueName":"search_term_string"}}],"inLanguage":"es"}]}},"jetpack_sharing_enabled":true,"_links":{"self":[{"href":"https:\/\/eltiempoesmio.es\/index.php\/wp-json\/wp\/v2\/product\/660","targetHints":{"allow":["GET"]}}],"collection":[{"href":"https:\/\/eltiempoesmio.es\/index.php\/wp-json\/wp\/v2\/product"}],"about":[{"href":"https:\/\/eltiempoesmio.es\/index.php\/wp-json\/wp\/v2\/types\/product"}],"replies":[{"embeddable":true,"href":"https:\/\/eltiempoesmio.es\/index.php\/wp-json\/wp\/v2\/comments?post=660"}],"wp:featuredmedia":[{"embeddable":true,"href":"https:\/\/eltiempoesmio.es\/index.php\/wp-json\/wp\/v2\/media\/625"}],"wp:attachment":[{"href":"https:\/\/eltiempoesmio.es\/index.php\/wp-json\/wp\/v2\/media?parent=660"}],"wp:term":[{"taxonomy":"product_brand","embeddable":true,"href":"https:\/\/eltiempoesmio.es\/index.php\/wp-json\/wp\/v2\/product_brand?post=660"},{"taxonomy":"product_cat","embeddable":true,"href":"https:\/\/eltiempoesmio.es\/index.php\/wp-json\/wp\/v2\/product_cat?post=660"},{"taxonomy":"product_tag","embeddable":true,"href":"https:\/\/eltiempoesmio.es\/index.php\/wp-json\/wp\/v2\/product_tag?post=660"}],"curies":[{"name":"wp","href":"https:\/\/api.w.org\/{rel}","templated":true}]}}